c be 9/(36/(-8)) - -2*8. Calculate the highest common factor of 63 and c.
7
Let g(c) = c. Let q be g(4). Suppose -d = q*d - 10. Suppose t + 11 = 3*b + d*t, -3 = b - t. What is the highest common factor of 16 and b?
2
Suppose -1050 = -226*s + 212*s. What is the highest common factor of s and 3?
3
Let k be 52 + 120/36*6/4. What is the greatest common divisor of k and 152?
19
Let g(q) = 210*q + 3*q**2 - 201*q - 2*q**2 + 12. Let h be g(-8). Calculate the highest common divisor of 44 and h.
4
Let f(o) = -6*o - 83. Let g be f(-14). Suppose -5*m + 32 = -m. Let l be (m + (1 - 0))/g. Calculate the highest common divisor of 9 and l.
9
Suppose 0 = -8*m + 11*m + 198. Let w = m + 162. What is the greatest common divisor of 32 and w?
32
Suppose 0 = y + 14 - 11, 4*d = y + 1027. Calculate the greatest common divisor of 72 and d.
8
Let y = 281 - 181. What is the highest common factor of 25 and y?
25
Let z be (16/(-6))/(3/(-27)). Suppose 0 = -3*k - 3*d - 54, 0 = 8*k - 13*k - 3*d - 86. Let g be (k/z)/((-4)/18). What is the greatest common factor of g and 30?
3
Suppose 5*u - 192 = 3*n, -152 = -37*u + 33*u + 2*n. What is the greatest common factor of 4 and u?
4
Suppose 232 = -4*c - 4*v, 5*c + 294 + 0 = -v. Let z = 184 + c. What is the highest common factor of 25 and z?
25
Let q = -29 - -27. Let m be 2*q/((-20)/25). What is the greatest common divisor of 35 and m?
5
Suppose 5*a = -4*d + 535, -12*d + 270 = -10*d + 2*a. Calculate the greatest common divisor of 42 and d.
14
Let z = 32 - 25. Let m be (21/5)/(z/35). Suppose -3*f + 3 + m = 0. Calculate the greatest common factor of 24 and f.
8
Let h(t) = -t**3 + 14*t**2 - 13*t + 14. Let d(q) = 2*q**2 - 5*q + 1. Let w be d(4). Let c be h(w). What is the highest common factor of c and 98?
14
Let n(a) = -a**2 + 11*a - 12. Let v be n(10). Let m be ((-176)/v)/(1 + 0). Calculate the greatest common divisor of 11 and m.
11
Let t(f) = 6*f**2 + 16*f - 12. Let j be t(6). Calculate the highest common divisor of 15 and j.
15
Suppose 0*v + 2*v - 110 = m, -4*v + m + 222 = 0. Let j = -69 + 98. Suppose -k = -3*k - 3*s + j, 3*s = 15. Calculate the greatest common factor of v and k.
7
Let b(h) = h**3 + 8*h**2 + 10*h - 10. Let s be b(-6). Let x = -25 - -43. Calculate the greatest common factor of s and x.
2
Let u be 6/1 - -4*5/10. Let c be ((-18)/u)/((-9)/96) - 1. What is the highest common factor of 69 and c?
23
Suppose -5*z - 153 = -2*z. Let g be (-2*z/9)/((-2)/(-3)). What is the highest common factor of 119 and g?
17
Suppose 4*u - 64 = -2*y, -3*y + 136 = -5*u + 3*u. Let c = 7 + 14. Calculate the highest common factor of y and c.
21
Suppose 4*p = 2*k - 362, 22*p = 23*p + 5. What is the highest common divisor of 19 and k?
19
Suppose -175 + 155 = -y. What is the greatest common divisor of 10 and y?
10
Suppose 0 = -28*t + 31*t + 165. Let z be (-22)/t - 16/(-10). What is the greatest common divisor of z and 2?
2
Let v be (-270)/(-4)*(1 - -13). What is the greatest common divisor of v and 105?
105
Let i = 693 + -673. What is the greatest common factor of i and 1060?
20
Suppose 2*r + 3*v = 116, -2*r + 144 = -3*v - v. Let t(m) = 9*m**2 + 11*m - 2 - 28*m - 12*m**2. Let b be t(-5). Calculate the highest common divisor of r and b.
8
Let b be (-995 + (1 - -6))/(-2). Calculate the highest common divisor of b and 38.
38
Let k be (120/1)/(24/16). Suppose -41 = -4*i + p, 36 = 4*i + 5*p - p. What is the highest common divisor of k and i?
10
Suppose 0 = 29*k - 1633 + 589. What is the greatest common factor of 60 and k?
12
Suppose -4*a - 4*w + 44 = w, -2*a + 4*w = -22. Suppose -a*c - 131 = -824. Calculate the highest common factor of c and 42.
21
Let s be (-6)/(-40)*8*40/3. Calculate the greatest common factor of 64 and s.
16
Let l(k) = 73*k - 18. Let i be l(6). Let n = i - 225. What is the highest common factor of n and 13?
13
Suppose -64*t + 48*t + 128 = 0. Calculate the greatest common divisor of 232 and t.
8
Suppose -28*y = -22*y - 108. Calculate the highest common factor of y and 90.
18
Let h = 33 - 33. Suppose -l = 3, -k - 2*l + 29 + h = 0. Let u = -27 + k. What is the highest common factor of 56 and u?
8
Let t = 11 + -7. Suppose 0*f + t*f = -80. Let l be (-25)/f*(-3 + 35). What is the greatest common divisor of l and 8?
8
Let o(h) = -h**3 + 35*h**2 - 48*h - 34. Let t be o(33). Calculate the highest common factor of t and 160.
80
Suppose 8 = 4*w, -4*c + w + 10 = 2*w. Suppose -c*z + z + 55 = 3*d, 110 = 5*d - 2*z. Calculate the greatest common divisor of d and 70.
10
Let y = 51 + -12. Calculate the greatest common divisor of 117 and y.
39
Let u(w) = -w**3 - 3*w**2 - w + 23. Let b be u(0). Let j = -48 + 71. Calculate the highest common divisor of j and b.
23
Let v(f) = 12*f - 24. Let p be v(3). Suppose -5*y + 3*q = -107, p = q - 4*q. Calculate the greatest common divisor of 95 and y.
19
Let v be (8 - -6) + -10 - (-1 - 25). What is the highest common factor of 30 and v?
30
Suppose 1163 = -4*n - k, -2*n + 0*k - 589 = -k. Suppose 116*h + 26 = 103*h. Let y be h/(-5) + n/(-20). Calculate the greatest common factor of 3 and y.
3
Suppose 6*i - 400 = 536. What is the highest common factor of i and 91?
13
Let u = -40 - -60. Suppose 0 = 2*p - 5*y - 9 + 21, -3*p = 2*y - u. Calculate the greatest common divisor of 44 and p.
4
Let k(w) = -w**2 + 4*w. Let x be k(3). Let f(o) = -4*o - 3*o + 9*o + 4 - x*o. Let r be f(-7). Calculate the highest common factor of 11 and r.
11
Suppose 0 = 7*q - 5*q + 2. Let k = q + 3. Suppose -k = -5*s + 28. What is the greatest common divisor of s and 42?
6
Let p be 2*212/8*1. What is the greatest common divisor of 106 and p?
53
Let v = -1498 - -2682. Calculate the highest common factor of 32 and v.
32
Let u = -763 - -756. Let s be (-17)/(-3) - (-2)/6. Let x be (-5)/((u + 4)/s). What is the highest common factor of 70 and x?
10
Let h(o) = o**3 + 17*o**2 - 13*o - 32. Let w be h(-17). What is the greatest common divisor of w and 54?
27
Let u(g) = -10 - 5 - g**3 + 5 - 31*g + 14*g**2. Let n be u(8). Calculate the highest common factor of 14 and n.
14
Let c = -21 + 35. Suppose -10 = -6*l + c. Let q be (-620)/(-36) + l/(-18). What is the highest common factor of 51 and q?
17
Let l be 54 + -1 + 18/6. Calculate the highest common divisor of l and 16.
8
Let c be 0 + (2 + 44 - 3) + -1. What is the highest common factor of 189 and c?
21
Let c(u) = u**2 + 4*u. Let a be c(-5). Suppose -a*v + 9 + 1 = 0. Suppose 0 = 3*f + 4*b - b - 30, 2*f + 5*b = 32. Calculate the highest common factor of v and f.
2
Suppose 3*g + 3*w - 24 = 0, -3*g + 21 = 5*w - w. Let k be 1076/g - (-4)/22. Calculate the greatest common factor of k and 14.
14
Suppose 9 = -3*j + 45. Suppose 0 = -4*c - 0*m + m + 77, -5*m + 55 = 2*c. Calculate the greatest common divisor of j and c.
4
Let z(b) = 119*b. Let f be z(1). Let i = 39 + -60. Let t = -4 - i. Calculate the highest common factor of t and f.
17
Let g(d) = d**3 - 8*d**2 + 9. Let j be g(8). Suppose 4*t + 4*k = 12, -4*k - j = -4*t - 5*k. What is the highest common factor of 6 and t?
2
Let r = 293 - -27. Calculate the highest common divisor of 10 and r.
10
Suppose -3*y + 2*y = -4*b - 16, 23 = 2*y - 5*b. Suppose 40 = 4*n + 2*c, -5*c = -0*n - y*n + 40. Calculate the highest common divisor of 20 and n.
10
Suppose 8 = 4*a, 3*s - 110 = -s - 3*a. Suppose -25*y - 13 = -s*y. What is the greatest common divisor of 143 and y?
13
Let w be -1 - (-139)/3 - ((-460)/(-138) - 3). Let j(m) = -m + 1. Let i be j(-4). What is the greatest common factor of w and i?
5
Let b(n) = 2*n. Let c be b(2). Let k = -69 - -73. Suppose -c*m + 0*m = 3*j - 16, -16 = -k*j. What is the greatest common factor of 2 and m?
1
Let y be (-21 - -20)*(-4 - -2). What is the highest common factor of 226 and y?
2
Suppose 3*i - 1089 = -4*y, -2*i - 741 = -3*y + 63. Calculate the greatest common divisor of y and 10.
10
Let i(u) be the first derivative of u**4/4 - u**3/3 + 16*u - 6. Let r = 2 + -2. Let v be i(r). Calculate the highest common divisor of v and 40.
8
Suppose 5*h - 29 = -4*t + 3*t, 35 = 3*h + 5*t. Suppose 0 = h*r + 9 - 69. Suppose 907 = 10*x - 53. What is the greatest common divisor of r and x?
12
Suppose 135 = -7*m + 34*m. What is the highest common divisor of 20 and m?
5
Let p = 354 + -498. Let g be p/42*(3 - 10). Calculate the highest common divisor of 192 and g.
24